 is the greatest common divisor of 5 and 28553605?
5
Calculate the greatest common divisor of 12790 and 706215198.
2558
What is the greatest common factor of 35 and 129001285?
35
What is the highest common factor of 4686 and 174234?
426
What is the highest common factor of 261 and 3116601?
261
Calculate the highest common divisor of 2432 and 6192328.
152
What is the highest common factor of 2151802 and 16?
2
What is the highest common divisor of 2022965 and 230?
115
What is the highest common divisor of 462273600 and 1497?
1497
What is the greatest common divisor of 1453656 and 12654?
222
What is the highest common divisor of 21993 and 52803?
3
What is the highest common divisor of 3652965 and 945?
135
Calculate the highest common divisor of 28819 and 446269.
23
Calculate the greatest common divisor of 6665 and 248540.
215
What is the highest common factor of 6284 and 23900?
4
Calculate the highest common divisor of 301 and 56798141.
43
What is the greatest common factor of 29270808 and 1176?
168
Calculate the highest common divisor of 608749007 and 25797.
8599
What is the greatest common factor of 4563 and 6076902?
507
Calculate the greatest common divisor of 20124 and 625248.
468
What is the greatest common divisor of 21650208 and 336?
48
Calculate the greatest common divisor of 565298 and 35.
1
What is the greatest common factor of 125850 and 202050?
150
What is the greatest common divisor of 1760 and 19060?
20
What is the greatest common factor of 978 and 3715794?
6
What is the greatest common divisor of 12 and 6532014?
6
What is the greatest common divisor of 106 and 1926179?
53
Calculate the greatest common factor of 30855832 and 28.
28
What is the highest common divisor of 123385480 and 640?
40
What is the greatest common divisor of 66 and 176847132?
66
What is the greatest common factor of 1058529 and 82041?
2001
What is the highest common divisor of 5928 and 165370452?
2964
What is the greatest common divisor of 24 and 340523844?
12
What is the highest common divisor of 123872 and 923552?
1568
What is the greatest common factor of 12878695 and 1245?
415
What is the highest common divisor of 1435 and 1863820?
35
Calculate the highest common divisor of 7385 and 17414810.
35
What is the highest common divisor of 269991 and 32976?
2061
Calculate the greatest common divisor of 382910 and 113870.
590
Calculate the greatest common factor of 27081120 and 96.
96
What is the highest common factor of 65944946 and 698?
698
Calculate the greatest common factor of 7983353 and 3723.
1241
Calculate the greatest common factor of 555325 and 29003.
97
Calculate the greatest common factor of 20 and 5458370.
10
Calculate the highest common factor of 1967 and 27847943.
281
What is the highest common divisor of 9758 and 19865894?
1394
What is the highest common factor of 12690568 and 4624?
2312
What is the greatest common divisor of 79771 and 3499079?
241
What is the greatest common divisor of 12908305 and 505?
505
What is the greatest common factor of 9066952 and 247?
19
What is the highest common factor of 326643 and 504?
3
What is the greatest common divisor of 152 and 679148?
4
Calculate the greatest common factor of 122313 and 108.
3
What is the highest common factor of 693687192 and 7656?
7656
What is the highest common factor of 280 and 70208670?
70
What is the greatest common divisor of 1003 and 7761273?
59
Calculate the greatest common divisor of 5 and 16385210.
5
What is the highest common divisor of 1299920 and 500?
20
Calculate the greatest common divisor of 472361910 and 210.
30
Calculate the highest common factor of 84293573 and 2821.
91
Calculate the highest common divisor of 79877840 and 142.
142
What is the greatest common divisor of 44296 and 1684312?
56
Calculate the greatest common divisor of 31 and 26598031.
31
What is the highest common factor of 4669 and 2486013719?
4669
What is the greatest common divisor of 9917246 and 55257?
163
What is the highest common divisor of 50783490 and 2286?
2286
Calculate the greatest common factor of 4223228 and 2136.
356
Calculate the greatest common divisor of 51531 and 852798.
267
Calculate the greatest common factor of 5546099 and 338.
13
Calculate the highest common divisor of 2422 and 1939532.
14
Calculate the highest common divisor of 2099856 and 355224.
984
What is the highest common divisor of 27255153 and 3684?
921
What is the highest common factor of 265719 and 205551?
69
Calculate the greatest common divisor of 1407437 and 23.
1
Calculate the highest common factor of 986800563 and 11907.
3969
Calculate the highest common divisor of 15483917 and 38.
19
What is the highest common divisor of 24638 and 3810936?
194
Calculate the highest common factor of 77 and 39913786.
11
What is the highest common factor of 191911064 and 72?
8
What is the greatest common divisor of 897 and 190398?
39
What is the highest common factor of 192 and 15653472?
96
What is the greatest common factor of 1152 and 5917552?
16
What is the greatest common factor of 110329254 and 72?
18
What is the greatest common factor of 5058864 and 3192?
456
Calculate the greatest common divisor of 2091960 and 2132520.
1560
Calculate the greatest common factor of 1006625 and 26500.
125
Calculate the greatest common factor of 813617 and 64155.
329
Calculate the greatest common divisor of 40176044 and 4.
4
What is the greatest common divisor of 4004 and 20714512?
364
Calculate the highest common factor of 2100 and 150528.
84
Calculate the greatest common divisor of 102479814 and 8496.
1062
Calculate the highest common factor of 562510260 and 962.
962
What is the greatest common divisor of 499491 and 417195?
1143
What is the highest common divisor of 21 and 252124383?
21
What is the highest common divisor of 520 and 1372730?
10
Calculate the greatest common divisor of 25275144 and 888.
888
Calculate the greatest common divisor of 1814676 and 159468.
1164
Calculate the greatest common divisor of 61573 and 3301048.
919
What is the highest common divisor of 67374606 and 257?
257
What is the greatest common factor of 210 and 9169041?
21
What is the greatest common factor of 188060 and 4120?
20
Calculate the highest common divisor of 1449 and 51621444.
63
Calculate the highest common divisor of 4697 and 588223.
61
What is the greatest common factor of 4684 and 32139266?
2342
Calculate the greatest common divisor of 10537558 and 2.
2
Calculate the greatest common divisor of 38251 and 26303.
29
What is the greatest common factor of 2436819 and 17248?
539
Calculate the highest common factor of 10 and 7709878.
2
What is the greatest common factor of 16 and 33072192?
16
Calculate the greatest common divisor of 489 and 688404.
3
What is the highest common factor of 449541 and 5362866?
2259
What is the greatest common divisor of 82 and 7519769?
41
Calculate the highest common factor of 8608792 and 3912173.
10057
What is the highest common divisor of 296905 and 1996?
499
What is the greatest common factor of 57 and 58886377?
19
Calculate the greatest common factor of 2156 and 1102618.
22
Calculate the highest common factor of 560 and 179571980.
140
Calculate the highest common factor of 56 and 124636.
4
Calculate the greatest common factor of 222 and 17578959.
111
Calculate the greatest common divisor of 10278948 and 408.
204
What is the greatest common factor of 293849 and 837?
31
Calculate the greatest common factor of 4623817976 and 808.
808
Calculate the greatest common divisor of 8991016 and 41768.
1816
What is the highest common factor of 9332 and 119547586?
4666
What is the greatest common factor of 322210799 and 1017?
113
Calculate the greatest common divisor of 6853980 and 819.
21
Calculate the greatest common divisor of 6820049 and 31813.
1097
Calculate the greatest common divisor of 176932712 and 27412.
3916
What is the highest common divisor of 2776 and 15450522?
694
Calculate the greatest common factor of 2331692 and 431233.
2167
Calculate the highest common divisor of 144097 and 68495.
103
What is the greatest common divisor of 48 and 27247056?
48
Calculate the highest common factor of 119 and 7007213.
17
Calculate the greatest common factor of 854294638 and 26632.
6658
What is the highest common divisor of 418941 and 81?
9
Calculate